b) + s(b). Let n = 6 + -3. Suppose n*w - w = 0. What is o(w)?
8
Let p(i) = i + 3. Suppose n - 5*b = 10, n - 4*b = -0*n + 8. Let w be p(n). Let t(o) = 5*o**2 - 2*o - 1 - 3 - 2*o**w + o**3. What is t(3)?
8
Let o(s) = -3*s**3 - 5*s**2 - s. Let a(h) = h**3 - h. Let i(q) = 2*a(q) + o(q). Determine i(-4).
-4
Let w(d) = -2*d**3 + 3*d**2 + 3*d - 5. Let c(o) = -3*o**3 + 3*o**2 + 4*o - 6. Let s(t) = 3*c(t) - 4*w(t). Determine s(-3).
2
Let d(m) = -2 - m - 2 - 4. Let i = 42 + -49. Give d(i).
-1
Let d(l) be the first derivative of 5*l**4/2 + 2*l**3/3 - l**2/2 + 39. Determine d(1).
11
Let b(z) = -z**2 - 5*z - 1. Suppose -2*w + 8 = 2*w. Suppose 3*t - 14 = 7*t - l, w*t + 5*l - 4 = 0. What is b(t)?
5
Let w(l) = -1 + 4*l**2 - 9*l**2 - 1 + 6*l**2. Calculate w(3).
7
Let h(x) = x**3 + 3*x**2 + x - 2. Suppose 3*l = 2*r - 0*r + 6, 5*l = 5*r + 5. Suppose f - 7 - r = 0. Let t = -13 + f. Give h(t).
-5
Let v be -27*(-1)/(-3 - 0). Let j(t) = -t**3 - 8*t**2 + 7*t - 13. Calculate j(v).
5
Let l(i) = 4*i**2 + 2*i**2 - 5*i**2 + 2*i**2 + i + 2. Calculate l(2).
16
Let m(k) be the first derivative of k**4/4 - k**3 - k**2 + 2*k + 7. Let o = 11 + -7. Suppose 18 = h - o*c - c, -c - 12 = -3*h. Determine m(h).
-4
Let j be 3/12 + (-1)/4. Let v(x) be the second derivative of 2*x + 0 + 0*x**3 - 7/2*x**2 - 1/12*x**4 + 1/20*x**5. Give v(j).
-7
Let r(j) be the third derivative of -j**4/24 + 8*j**2 + 1. Let m(h) = -h**2 + 7*h - 5. Let g be m(7). Give r(g).
5
Let m(g) = g**2 + g - 2. Suppose -2*u = -5*u. Suppose -p + 8 = -4*t, 4*t = 4*p - u*p - 20. Let o(v) = v**2 - 5*v + 6. Let a be o(p). Calculate m(a).
4
Suppose -2*u = -0*u - 12. Let p(r) = -r**3 + 7*r**2 - 7*r + 9. Determine p(u).
3
Let n(y) = y**2 - 12*y + 18. Let m be n(9). Let u(x) = x + 6. What is u(m)?
-3
Let d(m) = -3*m - 4. Let r(j) = -5*j - 8. Let p(u) = 11*d(u) - 6*r(u). Calculate p(3).
-5
Let q(v) be the second derivative of -v**3/6 + 7*v**2 - 19*v. What is q(8)?
6
Let x(q) = q**3 - 13*q**2 - q + 15. Let c be x(13). Suppose 4 + c = -2*p. Let u(i) = -i**2 - 3*i + 2. Give u(p).
2
Let z(l) = 2*l + 6. Let y be z(-4). Let j(c) = 7*c - 5. Let x(f) = -3*f + 2. Let g(q) = 2*j(q) + 5*x(q). Determine g(y).
2
Let b be ((-1)/2)/(2/(-4)). Suppose 3 + b = 2*v. Let d(z) be the first derivative of 3*z**2/2 - z + 3. Calculate d(v).
5
Let s(h) = 2*h + 8*h**2 - 6*h**2 - 2*h**2 + 3 + h**2. Give s(-3).
6
Let t(z) = -z**3 + 7*z**2 - 5*z - 3. Suppose -2*q = -2*i - 20, -2 = -q - 0*i - i. Suppose -2*y = q*a - a - 37, 0 = 3*a - 15. Give t(y).
3
Let j(v) be the third derivative of -v**4/12 - 5*v**3/6 + 30*v**2. Let h(o) = -o + 4*o - o. Let s be h(-2). What is j(s)?
3
Let o = -2433/140 - -122/7. Let y(t) be the second derivative of o*t**5 - 2*t - t**2 + 0 - 1/3*t**3 + 1/6*t**4. Give y(-2).
2
Let i(f) be the first derivative of f + 3/2*f**2 - 3 + 1/3*f**3. Let u be i(-4). Let c(v) = -v**2 + 6*v - 4. Give c(u).
1
Let d(s) = 0 + 2 - 1 - 3*s**2. Let o be (-26)/(-30) - 8/(-60). Give d(o).
-2
Let o(d) = -d**3 - 4*d**2 + 8*d + 4. Let n be o(-6). Suppose -h - n = -25. Let k(u) = -u**2 - 4*u - 2. What is k(h)?
1
Let q be (-2)/(-9) - (-94)/(-18). Let c(b) = -b - 11. Let p(m) = 4 + 4 - 4 - 3. Let v(r) = -c(r) - 6*p(r). Give v(q).
0
Suppose -1 = -2*p + 5*n, -4*n = -2*p - n + 11. Suppose -3*x + 0*i + 6 = 3*i, 4*x + 5*i - p = 0. Let w(d) = d + 4 + 2*d**2 + 4*d + 3*d**2 - 4*d**2. Give w(x).
-2
Suppose -4*i = -0*j + 2*j - 28, -27 = -3*j - 3*i. Suppose j*b - 7 = 5. Let r(t) = -2 - 1 - t**b + 7*t**2 - 2*t - 3*t + 0. Calculate r(6).
3
Let m(g) be the second derivative of g**5/20 + g**4/2 - 5*g**3/6 + 5*g**2 + g. Determine m(-7).
-4
Let j be 10 - (2/(-2))/(10/(-30)). Let n(z) be the first derivative of 7/2*z**2 - j*z + 3 - 1/3*z**3. Determine n(5).
3
Let f(k) be the first derivative of k**4/8 - k**3/2 + 3*k**2/2 - 3. Let c(x) be the second derivative of f(x). Let i = 10 + -7. Give c(i).
6
Suppose 32 = -3*r - 5*r. Let f(o) = -o**2 + 1 + 2 + 1. Calculate f(r).
-12
Suppose -11 = 2*g + 1. Let p = g + 11. Let x(u) be the second derivative of u**4/12 - u**3 + 3*u**2 + u. What is x(p)?
1
Let k(a) = -6*a. Suppose 0 = -2*i + 5 - 3. Determine k(i).
-6
Let r(z) be the second derivative of z**5/20 + z**4/6 - z**3/6 - 2*z. Suppose -2*s = -6*s + 4. Calculate r(s).
2
Let v(m) be the second derivative of m**4/12 - m**3/6 + 7*m**2/2 + m. Let u(z) = 9*z - 36. Let o be u(4). Calculate v(o).
7
Let i(s) = 5*s - 3. Let x be (-30)/(-18) + (-2)/(-6). What is i(x)?
7
Let z(v) be the third derivative of -v**5/60 + v**4/6 - v**3/2 + 14*v**2. Suppose i = 2*i - 3. Give z(i).
0
Let b(y) = -2*y - 7. Suppose 11 - 1 = 2*f. Suppose -q - 4*p + 6 = 0, -f*p = -2*q + 3*q - 9. Calculate b(q).
5
Let g(b) = 10*b + 1 + 15*b - 23*b + 0*b**2 + b**2. Calculate g(-3).
4
Let i(z) = z**2 + 3*z - 5. Let k be i(-5). Suppose 2 - 5 = -5*r - 4*n, 0 = -2*r + 5*n + 21. Let o(j) = 0*j - 1 + j**2 - 5 - r*j. Calculate o(k).
4
Let c(q) = -6*q**3 - q**2 - q - 1. Suppose -2*r = 10*r + 12. Calculate c(r).
5
Let q(w) be the first derivative of w**3/3 + 3*w**2 - 3*w - 1. Suppose 3*f - 11 + 29 = 0. Calculate q(f).
-3
Let p(f) = 45 + 4*f + 2*f - 44 + 4*f. Calculate p(2).
21
Let b(n) = n - 1. Let a(h) = h**2 - 2*h + 3. Let x(y) = -a(y) + 3*b(y). Let d(t) = -t**2 - 3*t + 8. Let i be d(4). Let l = -15 - i. Determine x(l).
-6
Let v(c) = -3*c**3 + 2*c**2 - c + 1. Let f(i) = -10*i**3 + 6*i**2 - 2*i + 2. Let m(z) = -2*f(z) + 7*v(z). What is m(2)?
-3
Let c = 18 - 32. Let t be (-2)/(-6) + c/6. Let b(a) = -2*a. Give b(t).
4
Let k = -10 + 15. Suppose -5 = p + 4*h - k*h, 25 = 5*p + 5*h. Suppose v - 6*v = p. Let b(l) = -l**2 - l - 3. Calculate b(v).
-3
Let k = 4 - 7. Suppose 5*u + 2*p - 38 = 0, -5*p = -5*u + 2*u - 2. Let s(y) = 3 + 5*y - 4 - u*y + 2*y. Give s(k).
-4
Let a(x) be the first derivative of 4*x**3/3 + x**2/2 - 1. Let h = 16 - 17. What is a(h)?
3
Let k(q) = 19*q + 1. Suppose -7 = 3*c + 2*a, 3*a + 8 = -4*c - 3. Give k(c).
20
Suppose 4*l - 4 = 4*c - 0, 5*l + 2*c = 40. Let o(n) be the third derivative of -n**5/60 + 7*n**4/24 - n**3/3 + 2*n**2. Give o(l).
4
Let d(p) = -p**2 - 4*p + 2. Let c(o) = 2*o**2 + 9*o - 5. Let k(r) = 3*c(r) + 5*d(r). Determine k(-6).
-11
Let z(f) = f**3 + 2*f**2 + f - 4. Let v be z(-2). Let j(q) = q**3 + 7*q**2 + 9*q + 5. Calculate j(v).
-13
Suppose 2*m + m = p + 1, 2*p = -m - 2. Let k(i) = i**3 + i - 4. Give k(m).
-4
Let g(l) = 3*l**3 + l**2 - 5*l + 2. Let b(j) = j**3 + j**2 - j + 1. Let h(n) = 4*b(n) - g(n). What is h(-2)?
4
Let j be 20/15*(6 - 3). Let w(u) be the second derivative of u**5/20 - 5*u**4/12 + 2*u**3/3 - 3*u**2/2 + 2*u. What is w(j)?
-3
Let w be 2/((-87)/(-81) + -1). Let i be w/15 - 2/(-10). Suppose -z + 1 = -i. Let l(m) = m**2 - 2*m + 1. What is l(z)?
4
Let n(l) = 2*l**2 - 5*l + 4. Let d = -35 - -50. Suppose -10*u = -5*u - d. Give n(u).
7
Let p(i) = -4*i**3 + 6*i**2 - 3*i + 3. Let s = 1 + 4. Let f(v) = v**3 - v**2. Let n(r) = s*f(r) + p(r). Give n(-3).
-6
Let t(a) = -a**2 - 7*a - 7. Let z be t(-6). Let u(s) = -s**3 - s**2 - 2*s - 1. Calculate u(z).
1
Let x(t) = -t**3 + t - 1. Let d(i) = -4*i**3 - 6*i**2 + 9*i - 9. Let s(w) = d(w) - 5*x(w). Give s(5).
-9
Let r(k) = -4*k + 15*k - 7*k. Give r(1).
4
Let y(w) = -w - 5. Let s be -2 + 2 + -20 - 3. Let b = s - -18. Determine y(b).
0
Let b(q) = -q - 1. Let z = -5 - -12. Give b(z).
-8
Let p(b) be the second derivative of -b**4/12 - 7*b**3/6 - 5*b**2/2 + 2*b + 23. Give p(-5).
5
Let i(d) = -2*d**2 - 4*d - 3. Suppose 0 = -p - 3 + 6. Suppose 3*c + p = -3. Determine i(c).
-3
Suppose 6*c = 2*c + 12. Let h(x) = -11*x**2 - 5*x + 2. Let s(q) = q**2 + q - 1. Let o(k) = c*s(k) + h(k). Determine o(-1).
-7
Let u(i) = -i**2 + 4*i + 1. Let c be 8/16 - (-1)/2. Let x = c - -3. Calculate u(x).
1
Suppose 7*d + 76 = 3*d. Let c = -16 - d. Let i(j) = -j**3 + 3*j**2 + 3*j + 1. Give i(c).
10
Let d be 8/(-10)*(-20)/(-8). Let y(j) = -j**3 - 3*j**2 - 3*j - 3. Determine y(d).
-1
Let g be 1/1 + 24/(-8). Let a(c) = c**2 + 2*c - 1. Determine a(g).
-1
Suppose 7*h - 10*h - 12 = 0. Let w(j) = 6*j**2 + j - 4. Let d(b) = -11*b**2 - 3*b + 8. Let y(c) = h*d(c) - 7*w(c). Calculate y(-4).
8
Let r(h) = -2*h**3 - h**2 + 3*h - 8. Let k(u) = u**3 + 2*u**2 - 2*u + 7. Suppose 4*p = 2*w - 6 + 22, 4*p = -3*w + 6. Let z(b) = w*r(b) - 3*k(b). Determine z(4).
-5
Let f(g) = -g**3 - 8*g**2 - 9. Let w be f(-8). Let